{"id":1832,"date":"2024-11-22T20:16:14","date_gmt":"2024-11-22T20:16:14","guid":{"rendered":"https:\/\/juhamikael.com\/?page_id=1832"},"modified":"2024-11-22T23:32:39","modified_gmt":"2024-11-22T23:32:39","slug":"tuhkauurnat-ja-lemmikkiuurnat","status":"publish","type":"page","link":"https:\/\/juhamikael.com\/?page_id=1832","title":{"rendered":"Tuhkauurnat ja lemmikkiuurnat"},"content":{"rendered":"\n<div class=\"wp-block-media-text alignwide is-stacked-on-mobile\" style=\"grid-template-columns:62% auto\"><figure class=\"wp-block-media-text__media\"><img loading=\"lazy\" decoding=\"async\" width=\"739\" height=\"985\" src=\"https:\/\/juhamikael.com\/wp-content\/uploads\/2024\/11\/uurna_3.jpg\" alt=\"\" class=\"wp-image-1833 size-full\" srcset=\"https:\/\/juhamikael.com\/wp-content\/uploads\/2024\/11\/uurna_3.jpg 739w, https:\/\/juhamikael.com\/wp-content\/uploads\/2024\/11\/uurna_3-225x300.jpg 225w, https:\/\/juhamikael.com\/wp-content\/uploads\/2024\/11\/uurna_3-87x116.jpg 87w\" sizes=\"auto, (max-width: 739px) 100vw, 739px\" \/><\/figure><div class=\"wp-block-media-text__content\">\n<p>Sorvattu tuhkauurna joka pintak\u00e4sitelty sellakalla. Pintak\u00e4sitelyn j\u00e4lkeen viel\u00e4 kiillotettu.<\/p>\n<\/div><\/div>\n\n\n\n<div class=\"wp-block-media-text alignwide is-stacked-on-mobile\" style=\"grid-template-columns:62% auto\"><figure class=\"wp-block-media-text__media\"><img loading=\"lazy\" decoding=\"async\" width=\"726\" height=\"970\" src=\"https:\/\/juhamikael.com\/wp-content\/uploads\/2024\/11\/uurna_1.jpg\" alt=\"\" class=\"wp-image-1834 size-full\" srcset=\"https:\/\/juhamikael.com\/wp-content\/uploads\/2024\/11\/uurna_1.jpg 726w, https:\/\/juhamikael.com\/wp-content\/uploads\/2024\/11\/uurna_1-225x300.jpg 225w, https:\/\/juhamikael.com\/wp-content\/uploads\/2024\/11\/uurna_1-87x116.jpg 87w\" sizes=\"auto, (max-width: 726px) 100vw, 726px\" \/><\/figure><div class=\"wp-block-media-text__content\">\n<p>Sorvattu ja veistetty tuhkauurna. Petsattu mustaksi, jonka j\u00e4lkeen pintak\u00e4sitelty sellakalla ja lopuksi viel\u00e4 kiillotettu.<\/p>\n<\/div><\/div>\n\n\n\n<div class=\"wp-block-media-text alignwide is-stacked-on-mobile\" style=\"grid-template-columns:65% auto\"><figure class=\"wp-block-media-text__media\"><img loading=\"lazy\" decoding=\"async\" width=\"437\" height=\"573\" src=\"https:\/\/juhamikael.com\/wp-content\/uploads\/2024\/11\/lemmikkiuurna_1.jpg\" alt=\"\" class=\"wp-image-1835 size-full\" srcset=\"https:\/\/juhamikael.com\/wp-content\/uploads\/2024\/11\/lemmikkiuurna_1.jpg 437w, https:\/\/juhamikael.com\/wp-content\/uploads\/2024\/11\/lemmikkiuurna_1-229x300.jpg 229w, https:\/\/juhamikael.com\/wp-content\/uploads\/2024\/11\/lemmikkiuurna_1-88x116.jpg 88w\" sizes=\"auto, (max-width: 437px) 100vw, 437px\" \/><\/figure><div class=\"wp-block-media-text__content\">\n<p>Lemmikkiuurna.<\/p>\n<\/div><\/div>\n\n\n\n<div class=\"wp-block-media-text alignwide is-stacked-on-mobile\" style=\"grid-template-columns:62% auto\"><figure class=\"wp-block-media-text__media\"><img loading=\"lazy\" decoding=\"async\" width=\"768\" height=\"1024\" src=\"https:\/\/juhamikael.com\/wp-content\/uploads\/2024\/11\/IMG_0983-768x1024.jpg\" alt=\"\" class=\"wp-image-1837 size-full\" srcset=\"https:\/\/juhamikael.com\/wp-content\/uploads\/2024\/11\/IMG_0983-768x1024.jpg 768w, https:\/\/juhamikael.com\/wp-content\/uploads\/2024\/11\/IMG_0983-225x300.jpg 225w, https:\/\/juhamikael.com\/wp-content\/uploads\/2024\/11\/IMG_0983-1152x1536.jpg 1152w, https:\/\/juhamikael.com\/wp-content\/uploads\/2024\/11\/IMG_0983-1536x2048.jpg 1536w, https:\/\/juhamikael.com\/wp-content\/uploads\/2024\/11\/IMG_0983-87x116.jpg 87w, https:\/\/juhamikael.com\/wp-content\/uploads\/2024\/11\/IMG_0983-scaled.jpg 1920w\" sizes=\"auto, (max-width: 768px) 100vw, 768px\" \/><\/figure><div class=\"wp-block-media-text__content\">\n<p>Asiakkaan toiveiden mukainen lemmikkiuurna. Kansiosassa lasi, jonka alle saa kuvan. K\u00e4sitelty petsaamalla ja lakkaamalla.<\/p>\n<\/div><\/div>\n\n\n\n<div class=\"wp-block-media-text alignwide is-stacked-on-mobile\" style=\"grid-template-columns:64% auto\"><figure class=\"wp-block-media-text__media\"><img loading=\"lazy\" decoding=\"async\" width=\"745\" height=\"566\" src=\"https:\/\/juhamikael.com\/wp-content\/uploads\/2024\/11\/462313709_3967946866783237_3495919536792649635_n.jpg\" alt=\"\" class=\"wp-image-1880 size-full\" srcset=\"https:\/\/juhamikael.com\/wp-content\/uploads\/2024\/11\/462313709_3967946866783237_3495919536792649635_n.jpg 745w, https:\/\/juhamikael.com\/wp-content\/uploads\/2024\/11\/462313709_3967946866783237_3495919536792649635_n-300x228.jpg 300w, https:\/\/juhamikael.com\/wp-content\/uploads\/2024\/11\/462313709_3967946866783237_3495919536792649635_n-153x116.jpg 153w\" sizes=\"auto, (max-width: 745px) 100vw, 745px\" \/><\/figure><div class=\"wp-block-media-text__content\">\n<p>Erikokoisia lemmikkiuurnia<\/p>\n<\/div><\/div>\n","protected":false},"excerpt":{"rendered":"<p>Sorvattu tuhkauurna joka pintak\u00e4sitelty sellakalla. Pintak\u00e4sitelyn j\u00e4lkeen viel\u00e4 kiillotettu. Sorvattu ja veistetty tuhkauurna. Petsattu mustaksi, jonka j\u00e4lkeen pintak\u00e4sitelty sellakalla ja &hellip; <a href=\"https:\/\/juhamikael.com\/?page_id=1832\" class=\"more-link\">Continue reading <span class=\"screen-reader-text\">Tuhkauurnat ja lemmikkiuurnat<\/span><\/a><\/p>\n","protected":false},"author":1,"featured_media":0,"parent":0,"menu_order":0,"comment_status":"closed","ping_status":"closed","template":"","meta":{"footnotes":""},"class_list":["post-1832","page","type-page","status-publish","hentry"],"jetpack_sharing_enabled":true,"_links":{"self":[{"href":"https:\/\/juhamikael.com\/index.php?rest_route=\/wp\/v2\/pages\/1832","targetHints":{"allow":["GET"]}}],"collection":[{"href":"https:\/\/juhamikael.com\/index.php?rest_route=\/wp\/v2\/pages"}],"about":[{"href":"https:\/\/juhamikael.com\/index.php?rest_route=\/wp\/v2\/types\/page"}],"author":[{"embeddable":true,"href":"https:\/\/juhamikael.com\/index.php?rest_route=\/wp\/v2\/users\/1"}],"replies":[{"embeddable":true,"href":"https:\/\/juhamikael.com\/index.php?rest_route=%2Fwp%2Fv2%2Fcomments&post=1832"}],"version-history":[{"count":2,"href":"https:\/\/juhamikael.com\/index.php?rest_route=\/wp\/v2\/pages\/1832\/revisions"}],"predecessor-version":[{"id":1881,"href":"https:\/\/juhamikael.com\/index.php?rest_route=\/wp\/v2\/pages\/1832\/revisions\/1881"}],"wp:attachment":[{"href":"https:\/\/juhamikael.com\/index.php?rest_route=%2Fwp%2Fv2%2Fmedia&parent=1832"}],"curies":[{"name":"wp","href":"https:\/\/api.w.org\/{rel}","templated":true}]}}